{"id":1667,"date":"2024-12-08T10:22:47","date_gmt":"2024-12-08T10:22:47","guid":{"rendered":"https:\/\/miatasatsummertime.eu\/?page_id=1667"},"modified":"2025-12-15T17:17:52","modified_gmt":"2025-12-15T17:17:52","slug":"huisregels-de","status":"publish","type":"page","link":"https:\/\/miatasatsummertime.eu\/index.php\/de\/huisregels-de\/","title":{"rendered":"Huisregels (de)"},"content":{"rendered":"\t\t<div data-elementor-type=\"wp-page\" data-elementor-id=\"1667\" class=\"elementor elementor-1667\" data-elementor-post-type=\"page\">\n\t\t\t\t<div class=\"elementor-element elementor-element-98c51be e-flex e-con-boxed e-con e-parent\" data-id=\"98c51be\" data-element_type=\"container\">\n\t\t\t\t\t<div class=\"e-con-inner\">\n\t\t<div class=\"elementor-element elementor-element-24e67ec e-con-full e-flex e-con e-child\" data-id=\"24e67ec\" data-element_type=\"container\">\n\t\t\t\t<div class=\"elementor-element elementor-element-57fa204 elementor-widget elementor-widget-image\" data-id=\"57fa204\" data-element_type=\"widget\" data-widget_type=\"image.default\">\n\t\t\t\t<div class=\"elementor-widget-container\">\n\t\t\t\t\t\t\t\t\t\t\t\t\t\t\t<img fetchpriority=\"high\" decoding=\"async\" width=\"788\" height=\"1024\" src=\"https:\/\/miatasatsummertime.eu\/wp-content\/uploads\/2024\/11\/keep_calm-788x1024.webp\" class=\"attachment-large size-large wp-image-705\" alt=\"\" srcset=\"https:\/\/miatasatsummertime.eu\/wp-content\/uploads\/2024\/11\/keep_calm-788x1024.webp 788w, https:\/\/miatasatsummertime.eu\/wp-content\/uploads\/2024\/11\/keep_calm-231x300.webp 231w, https:\/\/miatasatsummertime.eu\/wp-content\/uploads\/2024\/11\/keep_calm-768x998.webp 768w, https:\/\/miatasatsummertime.eu\/wp-content\/uploads\/2024\/11\/keep_calm-1182x1536.webp 1182w, https:\/\/miatasatsummertime.eu\/wp-content\/uploads\/2024\/11\/keep_calm.webp 1231w\" sizes=\"(max-width: 788px) 100vw, 788px\" \/>\t\t\t\t\t\t\t\t\t\t\t\t\t\t\t<\/div>\n\t\t\t\t<\/div>\n\t\t\t\t<\/div>\n\t\t<div class=\"elementor-element elementor-element-85a4de7 e-con-full e-flex e-con e-child\" data-id=\"85a4de7\" data-element_type=\"container\">\n\t\t\t\t<div class=\"elementor-element elementor-element-c617e06 elementor-widget elementor-widget-text-editor\" data-id=\"c617e06\" data-element_type=\"widget\" data-widget_type=\"text-editor.default\">\n\t\t\t\t<div class=\"elementor-widget-container\">\n\t\t\t\t\t\t\t\t\t<p><strong>Teilnahme auf eigene Gefahr:<\/strong><br \/>Die Organisation ist nicht haftbar f\u00fcr Sch\u00e4den an Personen, Eigentum, Ger\u00e4ten oder Fahrzeugen jeglicher Art. Bitte respektieren Sie die Fahrzeuge und das Eigentum anderer.<\/p><p><strong>Zugang \/ Parken \/ Camping:<\/strong><br \/>Das Veranstaltungspersonal weist Park- und Campingpl\u00e4tze zu. Dies dient dazu, eine reibungslose und ordnungsgem\u00e4\u00dfe Bef\u00fcllung des Gel\u00e4ndes zu gew\u00e4hrleisten. Bitte hinterlassen Sie Ihren Zelt- und Parkplatz so sauber und ordentlich, wie Sie ihn vorgefunden haben.<\/p><p><strong>Alkohol:<\/strong><br \/>Besuchern ist es nicht gestattet, eigenen Alkohol mitzubringen oder zu konsumieren. Es wird kein Alkohol an Personen unter 18 Jahren verkauft. Es ist auch nicht erlaubt, dass Personen ab 18 Jahren Alkohol an Personen unter 18 Jahren weitergeben.<\/p><p><strong>Tiere:<\/strong><br \/>Hunde sind grunds\u00e4tzlich auf dem Gel\u00e4nde erlaubt, m\u00fcssen jedoch jederzeit an der Leine gef\u00fchrt werden. Bitte lassen Sie keine Hinterlassenschaften zur\u00fcck. Die Organisation beh\u00e4lt sich das Recht vor, ein Tier nicht zuzulassen, wenn die Ordnung und Sicherheit nicht gew\u00e4hrleistet werden kann.<\/p><p><strong>Sauberkeit \/ Abfall:<\/strong><br \/>Auf dem Gel\u00e4nde gibt es gen\u00fcgend M\u00fclleimer und Abfallstellen. Bitte nutzen Sie diese und hinterlassen Sie keinen M\u00fcll achtlos. Besondere Aufmerksamkeit gilt Glaswaren, da diese gro\u00dfen Schaden an Personen und\/oder Fahrzeugen verursachen k\u00f6nnen. Sanit\u00e4re Einrichtungen sind auf dem Gel\u00e4nde vorhanden. Bitte hinterlassen Sie diese im Interesse der allgemeinen Hygiene und der Gr\u00f6\u00dfe der Veranstaltung sauber.<\/p>\t\t\t\t\t\t\t\t<\/div>\n\t\t\t\t<\/div>\n\t\t\t\t<\/div>\n\t\t\t\t\t<\/div>\n\t\t\t\t<\/div>\n\t\t<div class=\"elementor-element elementor-element-5e4a561 e-flex e-con-boxed e-con e-parent\" data-id=\"5e4a561\" data-element_type=\"container\">\n\t\t\t\t\t<div class=\"e-con-inner\">\n\t\t\t\t<div class=\"elementor-element elementor-element-108a975 elementor-widget elementor-widget-text-editor\" data-id=\"108a975\" data-element_type=\"widget\" data-widget_type=\"text-editor.default\">\n\t\t\t\t<div class=\"elementor-widget-container\">\n\t\t\t\t\t\t\t\t\t<p><strong>Portr\u00e4trecht \/ Fotografie:<\/strong><br>Besucher dieses Events erkl\u00e4ren sich damit einverstanden, dass w\u00e4hrend des Events Foto- und\/oder Videoaufnahmen gemacht werden. Die Organisation beh\u00e4lt sich das Recht vor, diese Foto- und\/oder Videoaufnahmen ohne Einschr\u00e4nkungen f\u00fcr Werbezwecke sowie in sozialen Medien und f\u00fcr kommerzielle Aktivit\u00e4ten, einschlie\u00dflich Werbung in gedruckten Medien, zu nutzen. Wenn dies nicht gew\u00fcnscht ist, muss dies innerhalb von 7 Tagen nach dem Event schriftlich per Einschreiben der Organisation mitgeteilt werden.<\/p>\n<p><strong>Flyer \/ Flyer-Verteilung:<\/strong><br>Es besteht die M\u00f6glichkeit, bei der Organisation eine Anfrage zur Verteilung von Brosch\u00fcren oder Flyern einzureichen [<a rel=\"noopener\">contact@miatasatsummertime.eu<\/a>]. Die Verteilung von Brosch\u00fcren oder Flyern auf dem Gel\u00e4nde ist nicht gestattet, um Umweltverschmutzung zu vermeiden.<\/p>\n<p><strong>Offenes Feuer:<\/strong><br>Kochen und Gasgrillen ist erlaubt. Die Verwendung von offenem Feuer ist strengstens untersagt. Verst\u00f6\u00dfe gegen dieses Verbot k\u00f6nnen zum Ausschluss und zur Entfernung vom Event f\u00fchren. Feuerl\u00f6scher sind im Hauptgeb\u00e4ude, an der Infostand und am Eingang verf\u00fcgbar.<\/p>\n<p><strong>Verkehr:<\/strong><br>Das Gel\u00e4nde ist nur f\u00fcr teilnehmende Mazda MX-5, Miata und Eunos Fahrzeuge zug\u00e4nglich. Andere Fahrzeuge k\u00f6nnen auf dem Besucherparkplatz abgestellt werden. Dies gilt auch f\u00fcr Fahrr\u00e4der und Motorr\u00e4der. Es gelten die Stra\u00dfenverkehrsregeln auf dem gesamten Gel\u00e4nde. Das Fahren eines Kraftfahrzeugs unter dem Einfluss von Alkohol und\/oder Drogen ist strengstens verboten! Zur Sicherheit und Ruhe des Campingbereichs bitten wir darum, die Nutzung von Fahrzeugen auf ein Minimum zu beschr\u00e4nken. Um andere Besucher nicht in Gefahr zu bringen, bitte mit Schrittgeschwindigkeit fahren! Burnouts und\/oder Dragraces auf oder in der N\u00e4he des Eventgel\u00e4ndes sind strengstens verboten. Ein Versto\u00df gegen dieses Verbot f\u00fchrt zur sofortigen Ausschluss und Entfernung vom Event. Fahrzeuge d\u00fcrfen niemals die Wege (Notausg\u00e4nge) blockieren oder die Zu- und Ausfahrten unbrauchbar machen. Nutzen Sie die ausgewiesenen Parkbereiche.<\/p>\n<p>F\u00fcr das Fahren auf dem Eventgel\u00e4nde gilt:<\/p>\n<ul>\n<li>Es ist nicht erlaubt, mit mehr als zwei Personen in einem Fahrzeug zu fahren (\u00dcberladung).<\/li>\n<li>Alle Insassen m\u00fcssen auf den vorhandenen Sitzen sitzen.<\/li><li>Das Fahren unter dem Einfluss von Alkohol oder Drogen ist strengstens verboten.<\/li>\n<li>Das Mitfahren auf Schwellen, T\u00fcren, Kofferraumdeckeln oder Motorhauben ist nicht erlaubt.<\/li>\n<li>Es darf nur mit eingeschr\u00e4nkter Geschwindigkeit (Schrittgeschwindigkeit) gefahren werden.<\/li>\n<\/ul>\n<p>Das Betreten und Fahren auf nicht daf\u00fcr vorgesehenen Bereichen des Gel\u00e4ndes ist nicht gestattet!<\/p>\n<p>Verst\u00f6\u00dfe gegen diese Regeln k\u00f6nnen zu einem Ausschluss vom Event f\u00fchren.<\/p>\n<p><strong>Nachtruhe:<\/strong><br>T\u00e4glich muss ab 00:00 Uhr die Nachtruhe eingehalten werden. Das bedeutet, dass nach dieser Zeit keine Motoren mehr gestartet und keine laute Musik gespielt werden darf. Partys sind nach dieser Zeit nicht erlaubt.<\/p>\n<p><strong>Generatoren:<\/strong><br>Mitgebrachte Stromgeneratoren sind nicht gestattet.<\/p>\n<p><strong>Diebstahl:<\/strong><br>Die Organisation ist nicht verantwortlich f\u00fcr Diebstahl. Besucher werden darauf hingewiesen, alle \u00fcblichen Ma\u00dfnahmen zur Diebstahlsicherung zu treffen.<\/p>\n<p><strong>Schrottautos \/ Rennwagen:<\/strong><br>Das Zerst\u00f6ren oder Zerlegen von Kraftfahrzeugen ist nicht gestattet. Unsere Mitarbeiter sind angewiesen, Fahrzeuge, die offensichtlich daf\u00fcr bestimmt sind, w\u00e4hrend des Events demontiert und\/oder verschrottet zu werden, auf einem separaten Gel\u00e4nde bis zum Ende des Events abzustellen. Rennwagen und andere nicht-registrierte Fahrzeuge d\u00fcrfen sich nur mit Genehmigung der Organisation auf dem Gel\u00e4nde bewegen.<\/p>\n<p><strong>Sonstiges:<\/strong><br>Das Fliegen oder Bedienen von ferngesteuerten Flugzeugen (insbesondere Drohnen) ist nur mit vorheriger Genehmigung der Organisation gestattet. Das Fliegen \u00fcber Personen oder Menschenmengen ist niemals gestattet! Der Besitz oder Gebrauch von weichen oder harten Drogen ist verboten. Die Feststellung von Drogenkonsum f\u00fchrt zur Entfernung vom Eventgel\u00e4nde und zum Ausschluss vom Event.<\/p>\n<p><strong>Verst\u00f6\u00dfe:<\/strong><br>Im Falle wiederholter Verst\u00f6\u00dfe oder Fehlverhaltens gegen\u00fcber den Mitarbeitern und Freiwilligen wird ein Ausschluss und\/oder eine Entfernung vom Event erfolgen. Falls erforderlich, werden die \u00f6rtlichen Beh\u00f6rden informiert.<\/p>\n<p>Bitte fahren Sie ruhig und kontrolliert, wenn Sie das Gel\u00e4nde verlassen. Wir hoffen, dieses Event auch im n\u00e4chsten Jahr wieder m\u00f6glich zu machen.<br>Wir w\u00fcnschen allen unseren G\u00e4sten ein fantastisches Wochenende, gutes Wetter, tolle Partys, coole Shows und viele, viele neue Mazda-Freunde!<\/p>\n<p><strong>Ihr M.A.S.-Team<\/strong><\/p>\n<p><strong>Miata Team Holland Vereinigung<\/strong><\/p>\t\t\t\t\t\t\t\t<\/div>\n\t\t\t\t<\/div>\n\t\t\t\t\t<\/div>\n\t\t\t\t<\/div>\n\t\t\t\t<\/div>\n\t\t","protected":false},"excerpt":{"rendered":"<p>Teilnahme auf eigene Gefahr:Die Organisation ist nicht haftbar f\u00fcr Sch\u00e4den an Personen, Eigentum, Ger\u00e4ten oder Fahrzeugen jeglicher Art. Bitte respektieren Sie die Fahrzeuge und das Eigentum anderer. Zugang \/ Parken \/ Camping:Das Veranstaltungspersonal weist Park- und Campingpl\u00e4tze zu. Dies dient dazu, eine reibungslose und ordnungsgem\u00e4\u00dfe Bef\u00fcllung des Gel\u00e4ndes zu gew\u00e4hrleisten. Bitte hinterlassen Sie Ihren Zelt- [&hellip;]<\/p>\n","protected":false},"author":1,"featured_media":0,"parent":0,"menu_order":0,"comment_status":"closed","ping_status":"closed","template":"","meta":{"footnotes":""},"class_list":["post-1667","page","type-page","status-publish","hentry"],"_links":{"self":[{"href":"https:\/\/miatasatsummertime.eu\/index.php\/wp-json\/wp\/v2\/pages\/1667","targetHints":{"allow":["GET"]}}],"collection":[{"href":"https:\/\/miatasatsummertime.eu\/index.php\/wp-json\/wp\/v2\/pages"}],"about":[{"href":"https:\/\/miatasatsummertime.eu\/index.php\/wp-json\/wp\/v2\/types\/page"}],"author":[{"embeddable":true,"href":"https:\/\/miatasatsummertime.eu\/index.php\/wp-json\/wp\/v2\/users\/1"}],"replies":[{"embeddable":true,"href":"https:\/\/miatasatsummertime.eu\/index.php\/wp-json\/wp\/v2\/comments?post=1667"}],"version-history":[{"count":7,"href":"https:\/\/miatasatsummertime.eu\/index.php\/wp-json\/wp\/v2\/pages\/1667\/revisions"}],"predecessor-version":[{"id":1954,"href":"https:\/\/miatasatsummertime.eu\/index.php\/wp-json\/wp\/v2\/pages\/1667\/revisions\/1954"}],"wp:attachment":[{"href":"https:\/\/miatasatsummertime.eu\/index.php\/wp-json\/wp\/v2\/media?parent=1667"}],"curies":[{"name":"wp","href":"https:\/\/api.w.org\/{rel}","templated":true}]}}